{"id":128,"date":"2023-01-18T14:21:21","date_gmt":"2023-01-18T13:21:21","guid":{"rendered":"https:\/\/www.madrigalchor-brakel.de\/wp_2023\/?page_id=128"},"modified":"2023-01-18T15:03:59","modified_gmt":"2023-01-18T14:03:59","slug":"chorreise-2011","status":"publish","type":"page","link":"https:\/\/www.madrigalchor-brakel.de\/wp_2023\/chorreise-2011\/","title":{"rendered":"Chorreise 2011"},"content":{"rendered":"\n<h3 class=\"wp-block-heading\">Brakeler Madrigalchor auf Chorreise in Sachsen-Anhalt<\/h3>\n\n\n\n<p>Brakel\/HalberstadtHerrliches Fr\u00fchlingswetter, bl\u00fchende B\u00e4ume und beeindruckende Chorharmonien in tausendj\u00e4hrigen Mauern charakterisieren die Konzertreise des Madrigalchors aus Brakel \u00fcber das Palmwochenende 2011.<\/p>\n\n\n\n<p>Deshalb bem\u00fchen wir uns jedes Jahr intensiv, Zusch\u00fcsse, F\u00f6rdergelder und Spenden f\u00fcr unsere Konzerte einzuwerben. Helfen auch Sie und f\u00f6rdern Sie Konzerte des Madrigalchores durch Ihre Spende. Wenn Sie auf das Konto des Madrigalchores (IBAN DE 42 4725 1550 0000 5761 99 bei der Sparkasse H\u00f6xter, BIC WELADED1HXB) einen Betrag mit dem Stichwort &#8222;Spende Madrigalchor&#8220; \u00fcberweisen, sichern Sie nicht nur unser n\u00e4chstes Konzert, sondern erhalten au\u00dferdem auch eine Spendenquittung.<\/p>\n\n\n\n<p>Unter der Leitung von Hans-Martin Froehling gastierte der Chor im G\u00e4stehaus der Huysburg bei Halberstadt und konzertierte in der dortigen Klosterkirche mit geistlichen Werken aus dem 15. Jahrhundert bis zur Jetztzeit. Aus der Sammlung christlicher Chors\u00e4tze alter Meister sei &#8222;Domine, ad adjuvandum me festina&#8220; von Gottfried August Homilius erw\u00e4hnt, der im 18. Jahrhundert den Dresdner Kreuzchor ber\u00fchmt machte.<\/p>\n\n\n\n<p>Von Mendelssohn-Bartholdy kamen Psalm 100 &#8222;Jauchzet dem Herrn, alle Welt&#8220; (Opus 69.2) und seine Hymne &#8222;H\u00f6r mein Bitten&#8220; mit der Detmolder Sopranistin Asami Hori-Weber zur Auff\u00fchrung. Kirchenmusikdirektor Dr. Friedhelm Flamme aus Dassel lieferte ein mitrei\u00dfendes Orgelfeuerwerk mit seiner Interpretation von Bachs Fantasie f\u00fcr Orgel BMV 572. Daneben begleitete er die Solistin virtuos bei Johann Sebastian Bachs Arie &#8222;Ich will dir mein Herz schenken&#8220; aus der Matth\u00e4us-Passion.<\/p>\n\n\n\n<figure class=\"wp-block-image size-full\"><img loading=\"lazy\" decoding=\"async\" width=\"555\" height=\"416\" src=\"https:\/\/www.madrigalchor-brakel.de\/wp_2023\/wp-content\/uploads\/2023\/01\/chorreise2011-1.jpg\" alt=\"\" class=\"wp-image-181\" srcset=\"https:\/\/www.madrigalchor-brakel.de\/wp_2023\/wp-content\/uploads\/2023\/01\/chorreise2011-1.jpg 555w, https:\/\/www.madrigalchor-brakel.de\/wp_2023\/wp-content\/uploads\/2023\/01\/chorreise2011-1-300x225.jpg 300w\" sizes=\"auto, (max-width: 555px) 100vw, 555px\" \/><\/figure>\n\n\n\n<p>Anr\u00fchrende Momente bescherten den Zuh\u00f6rern Edward Elgars &#8222;Ave verum&#8220; und &#8222;Ave Maria&#8220; sowie &#8222;Laudamus te&#8220; und &#8222;Pie Jesu&#8220; des walisischen Komponisten Karl Jenkins. Einf\u00fchlsam erg\u00e4nzten sich hier der Madrigalchor in seinen pianissimo Passagen mit der Sopranistin und der von Sabine Teichert gesungenen zweiten Solistenrolle. Zwei Friedenslieder von John Rutter (&#8222;The Peace of God&#8220; und &#8222;Go forth into the World in Peace&#8220;) vollendeten den Bogen zu unserer modernen Welt und schlie\u00dflich verhallte zum Abschluss das &#8222;Abendlied&#8220; von Josef Rheinberger in der romanischen Klosterkirche der Huysburg.<\/p>\n\n\n\n<p>Auf weiteren Stationen der Chorreise wie dem Halberst\u00e4dter Dom mit all seinen Preziosen, in der Blasiikirche in Quedlinburg, in der Klosterkirche Sankt Vitus zu Dr\u00fcbeck und in der romanischen Stiftskirche Sankt Cyriakus in Gernrode lie\u00df sich der Madrigalchor Brakel nicht lange bitten und hinterlie\u00df seine akustischen Marken und ein begeistertes Publikum. F\u00fchrungen auf Schloss Wernigerode, Burg Falkenstein, in Quedlinburg, im Dom zu Halberstadt sowie der Besuch des &#8222;Hexentanzplatzes&#8220; in Thale und des &#8222;John-Cage-Orgel-Kunst-Projektes&#8220; in Halberstadt rundeten das Programm ab, dass durch den Schatzmeister des Chores, Peter Henkel, hervorragend vorbereitet war.<\/p>\n\n\n\n<figure class=\"wp-block-image size-full\"><img loading=\"lazy\" decoding=\"async\" width=\"555\" height=\"416\" src=\"https:\/\/www.madrigalchor-brakel.de\/wp_2023\/wp-content\/uploads\/2023\/01\/chorreise2011-2.jpg\" alt=\"\" class=\"wp-image-182\" srcset=\"https:\/\/www.madrigalchor-brakel.de\/wp_2023\/wp-content\/uploads\/2023\/01\/chorreise2011-2.jpg 555w, https:\/\/www.madrigalchor-brakel.de\/wp_2023\/wp-content\/uploads\/2023\/01\/chorreise2011-2-300x225.jpg 300w\" sizes=\"auto, (max-width: 555px) 100vw, 555px\" \/><\/figure>\n","protected":false},"excerpt":{"rendered":"<p>Brakeler Madrigalchor auf Chorreise in Sachsen-Anhalt Brakel\/HalberstadtHerrliches Fr\u00fchlingswetter, bl\u00fchende B\u00e4ume und beeindruckende Chorharmonien in tausendj\u00e4hrigen Mauern charakterisieren die Konzertreise des Madrigalchors aus Brakel \u00fcber das Palmwochenende 2011. Deshalb bem\u00fchen wir uns jedes Jahr intensiv, Zusch\u00fcsse, F\u00f6rdergelder und Spenden f\u00fcr unsere Konzerte einzuwerben. Helfen auch Sie und f\u00f6rdern Sie Konzerte des Madrigalchores durch Ihre Spende. Wenn <a class=\"read-more\" href=\"https:\/\/www.madrigalchor-brakel.de\/wp_2023\/chorreise-2011\/\">weiter lesen<\/a><\/p>\n","protected":false},"author":1,"featured_media":0,"parent":0,"menu_order":0,"comment_status":"closed","ping_status":"closed","template":"","meta":{"footnotes":""},"class_list":["post-128","page","type-page","status-publish","hentry"],"_links":{"self":[{"href":"https:\/\/www.madrigalchor-brakel.de\/wp_2023\/wp-json\/wp\/v2\/pages\/128","targetHints":{"allow":["GET"]}}],"collection":[{"href":"https:\/\/www.madrigalchor-brakel.de\/wp_2023\/wp-json\/wp\/v2\/pages"}],"about":[{"href":"https:\/\/www.madrigalchor-brakel.de\/wp_2023\/wp-json\/wp\/v2\/types\/page"}],"author":[{"embeddable":true,"href":"https:\/\/www.madrigalchor-brakel.de\/wp_2023\/wp-json\/wp\/v2\/users\/1"}],"replies":[{"embeddable":true,"href":"https:\/\/www.madrigalchor-brakel.de\/wp_2023\/wp-json\/wp\/v2\/comments?post=128"}],"version-history":[{"count":2,"href":"https:\/\/www.madrigalchor-brakel.de\/wp_2023\/wp-json\/wp\/v2\/pages\/128\/revisions"}],"predecessor-version":[{"id":183,"href":"https:\/\/www.madrigalchor-brakel.de\/wp_2023\/wp-json\/wp\/v2\/pages\/128\/revisions\/183"}],"wp:attachment":[{"href":"https:\/\/www.madrigalchor-brakel.de\/wp_2023\/wp-json\/wp\/v2\/media?parent=128"}],"curies":[{"name":"wp","href":"https:\/\/api.w.org\/{rel}","templated":true}]}}

<h3 class="wp-block-heading">Brakeler Madrigalchor auf Chorreise in Sachsen-Anhalt</h3>



<p>Brakel/HalberstadtHerrliches Frühlingswetter, blühende Bäume und beeindruckende Chorharmonien in tausendjährigen Mauern charakterisieren die Konzertreise des Madrigalchors aus Brakel über das Palmwochenende 2011.</p>



<p>Deshalb bemühen wir uns jedes Jahr intensiv, Zuschüsse, Fördergelder und Spenden für unsere Konzerte einzuwerben. Helfen auch Sie und fördern Sie Konzerte des Madrigalchores durch Ihre Spende. Wenn Sie auf das Konto des Madrigalchores (IBAN DE 42 4725 1550 0000 5761 99 bei der Sparkasse Höxter, BIC WELADED1HXB) einen Betrag mit dem Stichwort &#8222;Spende Madrigalchor&#8220; überweisen, sichern Sie nicht nur unser nächstes Konzert, sondern erhalten außerdem auch eine Spendenquittung.</p>



<p>Unter der Leitung von Hans-Martin Froehling gastierte der Chor im Gästehaus der Huysburg bei Halberstadt und konzertierte in der dortigen Klosterkirche mit geistlichen Werken aus dem 15. Jahrhundert bis zur Jetztzeit. Aus der Sammlung christlicher Chorsätze alter Meister sei &#8222;Domine, ad adjuvandum me festina&#8220; von Gottfried August Homilius erwähnt, der im 18. Jahrhundert den Dresdner Kreuzchor berühmt machte.</p>



<p>Von Mendelssohn-Bartholdy kamen Psalm 100 &#8222;Jauchzet dem Herrn, alle Welt&#8220; (Opus 69.2) und seine Hymne &#8222;Hör mein Bitten&#8220; mit der Detmolder Sopranistin Asami Hori-Weber zur Aufführung. Kirchenmusikdirektor Dr. Friedhelm Flamme aus Dassel lieferte ein mitreißendes Orgelfeuerwerk mit seiner Interpretation von Bachs Fantasie für Orgel BMV 572. Daneben begleitete er die Solistin virtuos bei Johann Sebastian Bachs Arie &#8222;Ich will dir mein Herz schenken&#8220; aus der Matthäus-Passion.</p>



<figure class="wp-block-image size-full"><img loading="lazy" decoding="async" width="555" height="416" src="https://www.madrigalchor-brakel.de/wp_2023/wp-content/uploads/2023/01/chorreise2011-1.jpg" alt="" class="wp-image-181" srcset="https://www.madrigalchor-brakel.de/wp_2023/wp-content/uploads/2023/01/chorreise2011-1.jpg 555w, https://www.madrigalchor-brakel.de/wp_2023/wp-content/uploads/2023/01/chorreise2011-1-300x225.jpg 300w" sizes="auto, (max-width: 555px) 100vw, 555px" /></figure>



<p>Anrührende Momente bescherten den Zuhörern Edward Elgars &#8222;Ave verum&#8220; und &#8222;Ave Maria&#8220; sowie &#8222;Laudamus te&#8220; und &#8222;Pie Jesu&#8220; des walisischen Komponisten Karl Jenkins. Einfühlsam ergänzten sich hier der Madrigalchor in seinen pianissimo Passagen mit der Sopranistin und der von Sabine Teichert gesungenen zweiten Solistenrolle. Zwei Friedenslieder von John Rutter (&#8222;The Peace of God&#8220; und &#8222;Go forth into the World in Peace&#8220;) vollendeten den Bogen zu unserer modernen Welt und schließlich verhallte zum Abschluss das &#8222;Abendlied&#8220; von Josef Rheinberger in der romanischen Klosterkirche der Huysburg.</p>



<p>Auf weiteren Stationen der Chorreise wie dem Halberstädter Dom mit all seinen Preziosen, in der Blasiikirche in Quedlinburg, in der Klosterkirche Sankt Vitus zu Drübeck und in der romanischen Stiftskirche Sankt Cyriakus in Gernrode ließ sich der Madrigalchor Brakel nicht lange bitten und hinterließ seine akustischen Marken und ein begeistertes Publikum. Führungen auf Schloss Wernigerode, Burg Falkenstein, in Quedlinburg, im Dom zu Halberstadt sowie der Besuch des &#8222;Hexentanzplatzes&#8220; in Thale und des &#8222;John-Cage-Orgel-Kunst-Projektes&#8220; in Halberstadt rundeten das Programm ab, dass durch den Schatzmeister des Chores, Peter Henkel, hervorragend vorbereitet war.</p>



<figure class="wp-block-image size-full"><img loading="lazy" decoding="async" width="555" height="416" src="https://www.madrigalchor-brakel.de/wp_2023/wp-content/uploads/2023/01/chorreise2011-2.jpg" alt="" class="wp-image-182" srcset="https://www.madrigalchor-brakel.de/wp_2023/wp-content/uploads/2023/01/chorreise2011-2.jpg 555w, https://www.madrigalchor-brakel.de/wp_2023/wp-content/uploads/2023/01/chorreise2011-2-300x225.jpg 300w" sizes="auto, (max-width: 555px) 100vw, 555px" /></figure>

<p>Brakeler Madrigalchor auf Chorreise in Sachsen-Anhalt Brakel/HalberstadtHerrliches Frühlingswetter, blühende Bäume und beeindruckende Chorharmonien in tausendjährigen Mauern charakterisieren die Konzertreise des Madrigalchors aus Brakel über das Palmwochenende 2011. Deshalb bemühen wir uns jedes Jahr intensiv, Zuschüsse, Fördergelder und Spenden für unsere Konzerte einzuwerben. Helfen auch Sie und fördern Sie Konzerte des Madrigalchores durch Ihre Spende. Wenn <a class="read-more" href="https://www.madrigalchor-brakel.de/wp_2023/chorreise-2011/">weiter lesen</a></p>
