{"id":65,"date":"2023-01-17T17:34:58","date_gmt":"2023-01-17T16:34:58","guid":{"rendered":"https:\/\/www.madrigalchor-brakel.de\/wp_2023\/?page_id=65"},"modified":"2023-05-15T15:38:31","modified_gmt":"2023-05-15T13:38:31","slug":"chorleben","status":"publish","type":"page","link":"https:\/\/www.madrigalchor-brakel.de\/wp_2023\/chorleben\/","title":{"rendered":"Chorleben"},"content":{"rendered":"\n<div class=\"wp-block-media-text is-stacked-on-mobile\"><figure class=\"wp-block-media-text__media\"><img decoding=\"async\" src=\"http:\/\/madrigalchor.mgrafix.net\/wp-content\/uploads\/2022\/11\/landeschorfest_2014.png\" alt=\"\" class=\"wp-image-296 size-full\"\/><\/figure><div class=\"wp-block-media-text__content\">\n<h3 class=\"wp-block-heading\">Landeschorfest 2014<\/h3>\n\n\n\n<h5 class=\"wp-block-heading\">Madrigalchor beim 7. Rheinisch-Westf\u00e4lischen Landeschorfest 2014 in Leverkusen<\/h5>\n\n\n\n<h5 class=\"wp-block-heading\">Festkonzert: \u201cEin Deutsches Requiem\u201d von Johannes Brahms<\/h5>\n\n\n\n<p>Am Samstag, den 13.09.2014 nahm eine Delegation des Madrigalchores am Festkonzert in Leverkusen teil und bildete im \u201cForum Leverkusen\u201d mit folgenden Ch\u00f6ren den Festivalchor mit ca. 150 S\u00e4ngern zur Auff\u00fchrung des Requiems von Brahms:<\/p>\n\n\n\n<div class=\"wp-block-buttons is-layout-flex wp-block-buttons-is-layout-flex\">\n<div class=\"wp-block-button\"><a class=\"wp-block-button__link wp-element-button\" href=\"https:\/\/www.madrigalchor-brakel.de\/wp_2023\/landeschorfest-2014\/\">weiter lesen<\/a><\/div>\n<\/div>\n<\/div><\/div>\n\n\n\n<div style=\"height:45px\" aria-hidden=\"true\" class=\"wp-block-spacer\"><\/div>\n\n\n\n<hr class=\"wp-block-separator has-alpha-channel-opacity\"\/>\n\n\n\n<div style=\"height:45px\" aria-hidden=\"true\" class=\"wp-block-spacer\"><\/div>\n\n\n\n<div class=\"wp-block-media-text has-media-on-the-right is-stacked-on-mobile\"><div class=\"wp-block-media-text__content\">\n<h3 class=\"wp-block-heading\">Chorreise 2011<\/h3>\n\n\n\n<h5 class=\"wp-block-heading\">Brakeler Madrigalchor auf Chorreise in Sachsen-Anhalt<\/h5>\n\n\n\n<p>Brakel\/HalberstadtHerrliches Fr\u00fchlingswetter, bl\u00fchende B\u00e4ume und beeindruckende Chorharmonien in tausendj\u00e4hrigen Mauern charakterisieren die Konzertreise des Madrigalchors aus Brakel \u00fcber das Palmwochenende 2011.<\/p>\n\n\n\n<div class=\"wp-block-buttons is-layout-flex wp-block-buttons-is-layout-flex\">\n<div class=\"wp-block-button\"><a class=\"wp-block-button__link wp-element-button\" href=\"https:\/\/www.madrigalchor-brakel.de\/wp_2023\/\/chorreise-2011\/\">weiter lesen<\/a><\/div>\n<\/div>\n<\/div><figure class=\"wp-block-media-text__media\"><img decoding=\"async\" src=\"http:\/\/madrigalchor.mgrafix.net\/wp-content\/uploads\/2022\/11\/chorreise2011-1.jpg\" alt=\"\" class=\"wp-image-292 size-full\"\/><\/figure><\/div>\n\n\n\n<div style=\"height:45px\" aria-hidden=\"true\" class=\"wp-block-spacer\"><\/div>\n\n\n\n<hr class=\"wp-block-separator has-alpha-channel-opacity\"\/>\n\n\n\n<div style=\"height:45px\" aria-hidden=\"true\" class=\"wp-block-spacer\"><\/div>\n\n\n\n<div class=\"wp-block-media-text is-stacked-on-mobile\"><figure class=\"wp-block-media-text__media\"><img decoding=\"async\" src=\"https:\/\/www.madrigalchor-brakel.de\/wp_2023\/wp-content\/uploads\/2023\/01\/romfahrt2008.jpg\" alt=\"\" class=\"wp-image-247 size-full\"\/><\/figure><div class=\"wp-block-media-text__content\">\n<h4 class=\"wp-block-heading\">Brakeler Madrigalchor singt zwei Konzerte in Rom<\/h4>\n\n\n\n<p class=\"has-small-font-size\">Bericht Westfalen-Blatt<\/p>\n\n\n\n<p>Was als schiere Illusion begann, wurde Wirklichkeit: 60 Vokalisten des Brakeler Madrigalchors haben am Palmsonntag 2008 in der r\u00f6mischen Kirche San Paolo entro le Mura vor einheimischem und internationalem Publikum die englische Version des Oratoriums Messiah (\u201eDer Messias\u201c) &#8230;<\/p>\n\n\n\n<div class=\"wp-block-buttons is-layout-flex wp-block-buttons-is-layout-flex\">\n<div class=\"wp-block-button\"><a class=\"wp-block-button__link wp-element-button\" href=\"https:\/\/www.madrigalchor-brakel.de\/wp_2023\/\/brakeler-madrigalchor-singt-zwei-konzerte-in-rom\/\">weiter lesen<\/a><\/div>\n<\/div>\n<\/div><\/div>\n","protected":false},"excerpt":{"rendered":"","protected":false},"author":1,"featured_media":0,"parent":0,"menu_order":0,"comment_status":"closed","ping_status":"closed","template":"","meta":{"footnotes":""},"class_list":["post-65","page","type-page","status-publish","hentry"],"_links":{"self":[{"href":"https:\/\/www.madrigalchor-brakel.de\/wp_2023\/wp-json\/wp\/v2\/pages\/65","targetHints":{"allow":["GET"]}}],"collection":[{"href":"https:\/\/www.madrigalchor-brakel.de\/wp_2023\/wp-json\/wp\/v2\/pages"}],"about":[{"href":"https:\/\/www.madrigalchor-brakel.de\/wp_2023\/wp-json\/wp\/v2\/types\/page"}],"author":[{"embeddable":true,"href":"https:\/\/www.madrigalchor-brakel.de\/wp_2023\/wp-json\/wp\/v2\/users\/1"}],"replies":[{"embeddable":true,"href":"https:\/\/www.madrigalchor-brakel.de\/wp_2023\/wp-json\/wp\/v2\/comments?post=65"}],"version-history":[{"count":13,"href":"https:\/\/www.madrigalchor-brakel.de\/wp_2023\/wp-json\/wp\/v2\/pages\/65\/revisions"}],"predecessor-version":[{"id":363,"href":"https:\/\/www.madrigalchor-brakel.de\/wp_2023\/wp-json\/wp\/v2\/pages\/65\/revisions\/363"}],"wp:attachment":[{"href":"https:\/\/www.madrigalchor-brakel.de\/wp_2023\/wp-json\/wp\/v2\/media?parent=65"}],"curies":[{"name":"wp","href":"https:\/\/api.w.org\/{rel}","templated":true}]}}

<div class="wp-block-media-text is-stacked-on-mobile"><figure class="wp-block-media-text__media"><img decoding="async" src="http://madrigalchor.mgrafix.net/wp-content/uploads/2022/11/landeschorfest_2014.png" alt="" class="wp-image-296 size-full"/></figure><div class="wp-block-media-text__content">
<h3 class="wp-block-heading">Landeschorfest 2014</h3>



<h5 class="wp-block-heading">Madrigalchor beim 7. Rheinisch-Westfälischen Landeschorfest 2014 in Leverkusen</h5>



<h5 class="wp-block-heading">Festkonzert: “Ein Deutsches Requiem” von Johannes Brahms</h5>



<p>Am Samstag, den 13.09.2014 nahm eine Delegation des Madrigalchores am Festkonzert in Leverkusen teil und bildete im “Forum Leverkusen” mit folgenden Chören den Festivalchor mit ca. 150 Sängern zur Aufführung des Requiems von Brahms:</p>



<div class="wp-block-buttons is-layout-flex wp-block-buttons-is-layout-flex">
<div class="wp-block-button"><a class="wp-block-button__link wp-element-button" href="https://www.madrigalchor-brakel.de/wp_2023/landeschorfest-2014/">weiter lesen</a></div>
</div>
</div></div>



<div style="height:45px" aria-hidden="true" class="wp-block-spacer"></div>



<hr class="wp-block-separator has-alpha-channel-opacity"/>



<div style="height:45px" aria-hidden="true" class="wp-block-spacer"></div>



<div class="wp-block-media-text has-media-on-the-right is-stacked-on-mobile"><div class="wp-block-media-text__content">
<h3 class="wp-block-heading">Chorreise 2011</h3>



<h5 class="wp-block-heading">Brakeler Madrigalchor auf Chorreise in Sachsen-Anhalt</h5>



<p>Brakel/HalberstadtHerrliches Frühlingswetter, blühende Bäume und beeindruckende Chorharmonien in tausendjährigen Mauern charakterisieren die Konzertreise des Madrigalchors aus Brakel über das Palmwochenende 2011.</p>



<div class="wp-block-buttons is-layout-flex wp-block-buttons-is-layout-flex">
<div class="wp-block-button"><a class="wp-block-button__link wp-element-button" href="https://www.madrigalchor-brakel.de/wp_2023//chorreise-2011/">weiter lesen</a></div>
</div>
</div><figure class="wp-block-media-text__media"><img decoding="async" src="http://madrigalchor.mgrafix.net/wp-content/uploads/2022/11/chorreise2011-1.jpg" alt="" class="wp-image-292 size-full"/></figure></div>



<div style="height:45px" aria-hidden="true" class="wp-block-spacer"></div>



<hr class="wp-block-separator has-alpha-channel-opacity"/>



<div style="height:45px" aria-hidden="true" class="wp-block-spacer"></div>



<div class="wp-block-media-text is-stacked-on-mobile"><figure class="wp-block-media-text__media"><img decoding="async" src="https://www.madrigalchor-brakel.de/wp_2023/wp-content/uploads/2023/01/romfahrt2008.jpg" alt="" class="wp-image-247 size-full"/></figure><div class="wp-block-media-text__content">
<h4 class="wp-block-heading">Brakeler Madrigalchor singt zwei Konzerte in Rom</h4>



<p class="has-small-font-size">Bericht Westfalen-Blatt</p>



<p>Was als schiere Illusion begann, wurde Wirklichkeit: 60 Vokalisten des Brakeler Madrigalchors haben am Palmsonntag 2008 in der römischen Kirche San Paolo entro le Mura vor einheimischem und internationalem Publikum die englische Version des Oratoriums Messiah („Der Messias“) &#8230;</p>



<div class="wp-block-buttons is-layout-flex wp-block-buttons-is-layout-flex">
<div class="wp-block-button"><a class="wp-block-button__link wp-element-button" href="https://www.madrigalchor-brakel.de/wp_2023//brakeler-madrigalchor-singt-zwei-konzerte-in-rom/">weiter lesen</a></div>
</div>
</div></div>
